onvert 11002 (base 8) to base 5.
121420
What is 30300 (base 4) in base 12?
580
What is -11111111 (base 2) in base 11?
-212
What is -2658 (base 15) in base 10?
-8183
Convert -12001210 (base 3) to base 11.
-2858
2806 (base 16) to base 13
4882
What is 3142221 (base 5) in base 14?
15363
What is 3424412 (base 5) in base 6?
1151252
-25001 (base 8) to base 4
-2220001
What is -688c (base 15) in base 14?
-8126
Convert -22121 (base 5) to base 14.
-7ba
What is -61020 (base 7) in base 2?
-11100110101011
1554 (base 7) to base 16
273
What is 11011001111011 (base 2) in base 10?
13947
Convert 111210111 (base 3) to base 5.
310212
Convert -118 (base 16) to base 12.
-1b4
Convert -23331222 (base 4) to base 16.
-bf6a
873 (base 11) to base 10
1048
Convert 1104 (base 11) to base 15.
671
-12a2 (base 16) to base 13
-222c
-102255 (base 6) to base 9
-12358
-2817 (base 9) to base 5
-31442
-10101001000001 (base 2) to base 15
-3312
What is -273 (base 9) in base 4?
-3210
What is -238 (base 9) in base 2?
-11000101
25e (base 15) to base 6
2255
Convert -cd (base 15) to base 8.
-301
Convert a58b (base 14) to base 5.
1403133
Convert -100101000001010 (base 2) to base 16.
-4a0a
-4b0a (base 16) to base 13
-8989
Convert 3553 (base 6) to base 16.
35d
-3032 (base 6) to base 14
-35a
What is 2200012 (base 3) in base 16?
79d
Convert 611 (base 9) to base 6.
2144
55101 (base 6) to base 2
1110110101101
What is 340030 (base 5) in base 14?
4494
106b (base 14) to base 10
2839
-418 (base 13) to base 7
-2014
Convert 4010 (base 5) to base 16.
1f9
What is 12133 (base 5) in base 15?
413
-34193 (base 10) to base 15
-a1e8
Convert -301444 (base 5) to base 12.
-56a0
11776 (base 8) to base 6
35410
Convert 716 (base 9) to base 8.
1106
What is 2221002 (base 5) in base 3?
1222022220
-125 (base 15) to base 10
-260
Convert 110022 (base 4) to base 9.
1683
What is 12302 (base 4) in base 16?
1b2
1235 (base 9) to base 13
560
443 (base 8) to base 7
564
Convert 120121100 (base 3) to base 14.
4208
What is 143313 (base 5) in base 6?
44055
What is -2202200 (base 3) in base 11?
-1573
Convert -3373 (base 9) to base 4.
-213000
Convert -145 (base 8) to base 15.
-6b
What is 147 (base 14) in base 13?
16c
Convert -1313 (base 12) to base 11.
-16a8
What is -10210112212 (base 3) in base 15?
-1723e
Convert -7141 (base 10) to base 11.
-5402
-2005 (base 10) to base 16
-7d5
-1105 (base 12) to base 2
-11101010101
-1da7 (base 14) to base 8
-12477
Convert 102320 (base 4) to base 7.
3344
Convert -12103 (base 4) to base 16.
-193
Convert -114 (base 9) to base 8.
-136
8245 (base 10) to base 12
4931
Convert -142 (base 15) to base 7.
-560
What is -1420 (base 8) in base 2?
-1100010000
-c626 (base 14) to base 13
-12700
-241 (base 12) to base 8
-521
What is -1eec (base 16) in base 4?
-1323230
1112122121 (base 3) to base 10
30364
10101110121 (base 3) to base 14
1a42b
What is 1240444 (base 5) in base 9?
36541
What is 1022010 (base 3) in base 9?
1263
What is -6d4 (base 15) in base 11?
-1189
-22157 (base 10) to base 15
-6872
Convert -3220 (base 7) to base 12.
-7b1
What is 24660 (base 8) in base 6?
121224
Convert -363 (base 11) to base 4.
-12300
What is -423331 (base 6) in base 8?
-103247
What is -11001020 (base 3) in base 2?
-101110000101
What is -13688 (base 14) in base 9?
-72681
-2040 (base 7) to base 9
-873
What is -21085 (base 13) in base 2?
-1110100000100100
What is 110313 (base 5) in base 3?
12020222
What is 222 (base 16) in base 3?
202020
What is -1011010011001 (base 2) in base 4?
-1122121
What is -1336 (base 9) in base 6?
-4353
Convert 52507 (base 8) to base 10.
21831
Convert 107 (base 16) to base 8.
407
-39d (base 15) to base 3
-1010111
Convert -5210 (base 6) to base 11.
-963
Convert -3243 (base 5) to base 9.
-547
What is -333112 (base 4) in base 6?
-30434
What is 30230202 (base 4) in base 14?
14d46
38a (base 12) to base 16
21a
-7d5 (base 14) to base 15
-6de
Convert -126013 (base 7) to base 10.
-23677
What is -440355 (base 6) in base 7?
-211133
5c5 (base 13) to base 14
51c
Convert 1a9 (base 15) to base 8.
600
What is 10000110000011010 (base 2) in base 13?
25317
-201222 (base 3) to base 9
-658
-2a79 (base 15) to base 2
-10001110011010
What is -104350 (base 7) in base 11?
-12882
What is -104 (base 12) in base 6?
-404
What is 2423 (base 6) in base 14?
303
-2124 (base 9) to base 2
-11000011001
Convert 24 (base 10) to base 13.
1b
What is 140123 (base 5) in base 9?
7682
Convert -1a5 (base 12) to base 15.
-12e
101 (base 5) to base 16
1a
What is 4f5 (base 16) in base 8?
2365
What is -9 (base 12) in base 13?
-9
What is 285 (base 11) in base 13?
1ca
-1006 (base 12) to base 3
-2101020
What is 13e (base 16) in base 11?
26a
Convert 2e15 (base 16) to base 13.
54a6
What is 3505 (base 8) in base 3?
2112221
What is -1259 (base 12) in base 7?
-6036
What is 1010002 (base 3) in base 2?
1100101100
-12a (base 14) to base 9
-280
-110 (base 10) to base 2
-1101110
Convert 175 (base 14) to base 6.
1215
-311121 (base 5) to base 11
-76a8
2400 (base 7) to base 16
372
6b03 (base 14) to base 4
10202333
What is -446 (base 7) in base 8?
-346
Convert 224330 (base 6) to base 12.
b0a6
10442 (base 5) to base 13
456
Convert 233033 (base 4) to base 16.
bcf
What is -112031 (base 6) in base 16?
-2533
-1400 (base 7) to base 4
-20123
What is -201010012 (base 3) in base 10?
-13937
-4403 (base 5) to base 12
-423
What is 700 (base 12) in base 4?
33300
Convert -28 (base 16) to base 15.
-2a
Convert -1011000001 (base 2) to base 14.
-385
What is -10812 (base 9) in base 15?
-2215
Convert -37524 (base 9) to base 13.
-b626
Convert -504 (base 6) to base 10.
-184
What is -318 (base 13) in base 7?
-1353
Convert -67bb (base 14) to base 13.
-8269
Convert 103a (base 12) to base 6.
12114
Convert 201101000 (base 3) to base 8.
33451
Convert 12013 (base 4) to base 11.
326
What is -1034211 (base 6) in base 2?
-1100100100011111
-10400 (base 9) to base 14
-271b
-346 (base 7) to base 14
-cd
Convert -1d52 (base 16) to base 2.
-1110101010010
-100011101011110 (base 2) to base 13
-8415
Convert -3a7 (base 12) to base 7.
-1426
Convert 444133 (base 5) to base 11.
10750
What is 35a (base 12) in base 16?
1f6
What is 111110 (base 2) in base 16?
3e
3221 (base 9) to base 6
14544
What is -2042 (base 7) in base 3?
-222112
Convert -300 (base 6) to base 5.
-413
Convert -2013123 (base 4) to base 15.
-287c
What is 263 (base 12) in base 5?
2423
3ccc (base 14) to base 8
25014
Convert 1330303 (base 4) to base 11.
6001
241d (base 15) to base 8
16776
Convert -768 (base 9) to base 15.
-2be
Convert -711c (base 14) to base 9.
-28578
-24544 (base 8) to base 3
-112112110
Convert 58 (base 15) to base 14.
5d
8ee4 (base 15) to base 9
45577
What is 1595 (base 15) in base 2?
1001000100000
What is -6c4 (base 13) in base 2?
-10010010110
What is 62120 (base 8) in base 2?
110010001010000
What is -20bc (base 13) in base 3?
-20020111
What is -fb5 (base 16) in base 9?
-5457
-27120 (base 8) to base 6
-130520
Convert 23672 (base 10) to base 9.
35422
What is -2103404 (base 5) in base 16?
-8826
-1564 (base 7) to base 12
-44a
Convert 1001110 (base 2) to base 4.
1032
Convert -29a3 (base 15) to base 5.
-241203
521 (base 6) to base 5
1233
What is -1130 (base 6) in base 3?
-101000
Convert -112313 (base 4) to base 5.
-21323
Convert -6c0 (base 16) to base 10.
-1728
Convert -120 (base 7) to base 8.
-77
1a4 (base 16) to base 14
220
a43 (base 13) to base 3
2101122
Convert -22953 (base 14) to base 12.
-40851
1239 (base 11) to base 3
2012211
Convert 1000002210 (base 3) to base 6.
231250
What is -271 (base 15) in base 14?
-2ba
Convert -20244 (base 6) to base 2.
-101010000100
Convert 14231 (base 5) to base 8.
2247
Convert 26 (base 16) to base 10.
38
-104402 (base 6) to base 14
-32b8
-132311 (base 4) to base 15
-8b8
Convert 1345 (base 14) to base 7.
12615
What is -666 (base 15) in base 14?
-754
-22122221 (base 3) to base 7
-24262
-111111011 (base 2) to base 3
-200210
8948 (base 10) to base 2
10001011110100
Convert 207 (base 13) to base 5.
2340
-11 (base 15) to base 8
-20
Convert -2884 (base 9) to base 8.
-4206
What is -64bb (base 12) in base 9?
-16178
5c8 (base 15) to base 9
1718
-1032 (base 4) to base 13
-60
-20020110 (base 3) to base 11
-3465
-30123 (base 4) to base 2
-1100011011
What is 581c (base 13) in base 12?
71a2
-120110 (base 3) to base 10
-417
75